04 (base 6) to base 16
1324
What is -13332122 (base 5) in base 7?
-1106032
What is 1288568 (base 11) in base 12?
8b1b46
202231323103 (base 4) to base 10
9101011
Convert 168045 (base 9) to base 3.
12022001112
Convert 17471361 (base 8) to base 13.
b03aba
Convert -3aa7b (base 15) to base 14.
-4c71d
What is -685ab (base 12) in base 11?
-95557
1724094 (base 10) to base 15
240c99
-1010111100111010111 (base 2) to base 6
-11405235
-1636129 (base 10) to base 13
-453931
What is -21310102022 (base 4) in base 2?
-1001110100010010001010
Convert 1010211 (base 4) to base 16.
1125
Convert -111010100010000001100 (base 2) to base 14.
-37cd76
Convert -661856 (base 13) to base 9.
-4461845
Convert -11a85 (base 11) to base 7.
-101236
-46e2a (base 15) to base 16
-37294
415545110 (base 6) to base 14
d75cc2
Convert 64265 (base 11) to base 3.
11202020100
What is -12473321 (base 9) in base 16?
-5d8af7
Convert 5489226 (base 11) to base 4.
210233122122
What is -1112322 (base 6) in base 14?
-16722
4da11 (base 16) to base 12
134015
What is 1020010011100 (base 4) in base 13?
3bb5778
Convert -dda99 (base 14) to base 10.
-537175
What is 32003334 (base 5) in base 15?
53c99
What is 322683 (base 11) in base 4?
1331331022
Convert -3550406 (base 8) to base 3.
-1211022222111
433215330 (base 6) to base 16
75bdc6
What is -93090 (base 11) in base 13?
-49abb
-9688b6 (base 12) to base 16
-244d0a
What is -21026500 (base 7) in base 13?
-4a0635
What is 10120202010001 (base 3) in base 16?
1d0e66
Convert 6631944 (base 11) to base 10.
11642063
-16ece3 (base 16) to base 13
-407b1c
Convert 1133220122 (base 4) to base 13.
1093a3
Convert -10001001011000101 (base 2) to base 3.
-10120111020
What is 4155d0 (base 15) in base 10?
3106320
12413106 (base 7) to base 16
113c52
-2010120202012 (base 3) to base 15
-175c5b
Convert -310744 (base 8) to base 2.
-11001000111100100
Convert 280a7c (base 13) to base 15.
1433cc
What is 85349 (base 10) in base 2?
10100110101100101
Convert 22245 (base 9) to base 6.
152235
Convert -13444330 (base 5) to base 3.
-21010212001
What is 611565 (base 7) in base 9?
167440
What is 81568 (base 13) in base 5?
24402431
56416635 (base 8) to base 4
232201312131
a1718 (base 11) to base 14
3c22b
-377a07 (base 11) to base 6
-20440022
Convert 131ad8 (base 15) to base 4.
3133321112
-4b8948 (base 12) to base 5
-304113400
What is -5652354 (base 7) in base 15?
-dcec9
Convert 537e (base 16) to base 4.
11031332
-3349930 (base 11) to base 2
-10110011000111110111101
bfe1d (base 16) to base 15
107d19
Convert 1020112201120 (base 3) to base 5.
132112043
Convert 3425504 (base 8) to base 10.
928580
What is a18312 (base 11) in base 5?
404324200
What is 1733f5 (base 16) in base 4?
11303033311
What is 10006674 (base 9) in base 3?
100000020202111
81c60 (base 13) to base 16
38d57
Convert 211301123 (base 4) to base 15.
30c95
76963a (base 11) to base 4
10223302233
2431064 (base 8) to base 11
417046
Convert 1032421 (base 6) to base 9.
77124
Convert 251902 (base 13) to base 5.
211422421
What is 12a58a (base 14) in base 6?
21441434
8930 (base 11) to base 2
10110111111010
100001101010111011001 (base 2) to base 8
4152731
Convert -1c5711 (base 14) to base 15.
-15064d
-487923 (base 11) to base 3
-1110012122211
Convert -a4d250 (base 16) to base 11.
-6108568
What is -12103221 (base 8) in base 12?
-a80b81
Convert -2020222200 (base 3) to base 5.
-2410320
-1601043 (base 7) to base 4
-311123301
What is -63966 (base 14) in base 16?
-3abc6
Convert -100111011001000011 (base 2) to base 15.
-32c17
What is -208429 (base 11) in base 5?
-41131030
212003556 (base 7) to base 5
11210333013
What is 823467 (base 9) in base 7?
4101664
What is -133232323 (base 4) in base 2?
-11111101110111011
What is 32131 (base 6) in base 12?
2647
Convert 6b74b (base 14) to base 9.
438503
What is 10010101100100011001 (base 2) in base 12?
256649
What is -1558256 (base 10) in base 8?
-5743360
-201014031 (base 5) to base 14
-16ab72
Convert -5b53f (base 16) to base 14.
-9a47d
Convert -21120221210221 (base 3) to base 8.
-17307145
What is -524b (base 15) in base 3?
-212212022
2054543 (base 8) to base 7
4436152
What is -11423409 (base 10) in base 3?
-210111100222020
-9329910 (base 10) to base 12
-315b306
Convert -efcf5 (base 16) to base 5.
-222413021
What is -42239 (base 11) in base 12?
-2b71a
Convert -1412566 (base 7) to base 11.
-119493
Convert -336c6a (base 14) to base 11.
-a94025
-208481 (base 12) to base 4
-1331002201
Convert -342b7 (base 12) to base 8.
-207653
1a3313 (base 12) to base 6
13522023
What is 553d5e (base 15) in base 10?
4063139
What is 5dc7b (base 15) in base 16?
49328
-284964 (base 10) to base 14
-75bc8
What is -3230041332 (base 5) in base 3?
-110221102110021
What is 11134414234 (base 5) in base 2?
101111011000001101101000
Convert 2332031 (base 9) to base 3.
2101002001001
-15b3c3 (base 13) to base 7
-4403141
100011110101100001100 (base 2) to base 15
182e09
Convert -a2b7 (base 12) to base 7.
-102424
-10101020120002 (base 3) to base 7
-21156650
What is 62533134 (base 8) in base 3?
220222221112102
Convert 3b3e43 (base 15) to base 10.
2848338
1420133 (base 6) to base 8
235031
What is -2214224410 (base 5) in base 15?
-657e55
Convert 6662400 (base 7) to base 14.
175800
344473 (base 9) to base 10
206697
What is -2414032003 (base 5) in base 3?
-101120002112110
What is -2132354 (base 6) in base 8?
-316116
What is 463 (base 11) in base 2?
1000101001
Convert 220112210 (base 3) to base 5.
1033040
What is 2132321 (base 4) in base 7?
41435
What is 11010010010100101 (base 2) in base 13?
3a026
What is -23a0a (base 13) in base 16?
-ff85
-2a217 (base 14) to base 9
-168536
20102220121011 (base 3) to base 4
31003231303
-312242 (base 7) to base 13
-1b54b
222122000011 (base 3) to base 13
154768
What is 2190978 (base 10) in base 6?
114543230
Convert 11bb63 (base 15) to base 7.
10136145
-2143534 (base 6) to base 7
-624211
Convert -103111011131 (base 4) to base 13.
-10854b0
What is 2330303112 (base 5) in base 4?
110103120222
-212332331032 (base 4) to base 16
-9bef4e
What is 131a6 (base 12) in base 16?
664e
Convert 111201010002 (base 3) to base 2.
1000001110111110101
-1014044420 (base 6) to base 11
-5a56798
Convert 6b4b29 (base 13) to base 12.
a31257
What is -1000101010100110000000 (base 2) in base 12?
-916714
Convert 56810a5 (base 11) to base 10.
9942685
What is 1100110000111110001 (base 2) in base 7?
3361334
Convert 122524 (base 9) to base 3.
10202120211
Convert -c604b5 (base 14) to base 12.
-22a49a7
-1110011010101100000110 (base 2) to base 12
-1323146
Convert -51335 (base 13) to base 6.
-3041505
What is -2312303 (base 5) in base 14?
-1121c
What is 136427 (base 12) in base 11?
1aaa31
What is -43504030 (base 6) in base 14?
-25b7d8
-1482431 (base 12) to base 7
-50166553
What is 323304134 (base 5) in base 15?
1c552e
19148 (base 13) to base 10
48563
What is 211303310 (base 4) in base 8?
456364
What is -abc298 (base 13) in base 14?
-777544
Convert 106812 (base 12) to base 9.
436135
Convert -30201333 (base 4) to base 12.
-25853
Convert 7845b0 (base 13) to base 4.
22310231003
Convert 35349 (base 12) to base 10.
71337
Convert -25523 (base 14) to base 12.
-44ba3
-1015244 (base 8) to base 5
-32101324
Convert -210222022000020 (base 3) to base 9.
-23868006
Convert 12301b (base 13) to base 5.
102410110
Convert -35343 (base 7) to base 12.
-5320
-110100001100111010101 (base 2) to base 7
-20353011
1221002200 (base 3) to base 7
215505
What is -10111001011101011101 (base 2) in base 11?
-479807
1522532 (base 7) to base 6
4240212
23113004 (base 5) to base 14
5575c
What is -5605377 (base 9) in base 2?
-1011100000001100100001
Convert 26545 (base 12) to base 4.
30312011
-1dddb (base 16) to base 13
-438b1
Convert 38855 (base 9) to base 15.
7b78
-972256 (base 11) to base 9
-2828838
What is 140213230 (base 5) in base 8?
2553450
Convert 100000101000011111 (base 2) to base 5.
13234123
Convert -766077 (base 9) to base 10.
-457153
Convert 23033330331 (base 4) to base 5.
1223331200
Convert 57a3678 (base 11) to base 12.
3489b60
Convert -2502c (base 15) to base 16.
-1cd97
What is 2005663 (base 9) in base 16?
10483e
-6546562 (base 7) to base 8
-3036130
What is 2122220220112 (base 3) in base 16?
1599e3
What is -54a6d (base 14) in base 16?
-32139
-2684227 (base 10) to base 2
-10100011110101010